- 481. What are the prime factors of k?
2, 3, 5, 7
Let m(d) = d**3 - 2*d**2 + 3*d + 20. Let v be m(7). Suppose -13*f = -14*f + v. What are the prime factors of f?
2, 11, 13
Suppose 0 = -n + 3*q + 9, 5*q = 2*n - 15. Suppose 68*j - 65*j - 237 = n. What are the prime factors of j?
79
List the prime factors of 16/12*(-3702)/(-4).
2, 617
Let o = -1134 + 4046. What are the prime factors of o?
2, 7, 13
Suppose -19845 = 4*c - 25*c. List the prime factors of c.
3, 5, 7
Suppose -41*f = 8*f - 94031. List the prime factors of f.
19, 101
Let h(w) = -w**2 - 5*w - 3. Let n(i) = -4*i**2 - i - 1. Let m be n(-1). Let c be h(m). Suppose -c - 15 = -2*d. What are the prime factors of d?
2
Let p = 41 - 51. Let b = p + 33. What are the prime factors of b?
23
Let w be 1/(1 - 76/75). Let v = w - -105. List the prime factors of (15/v)/((-2)/(-148)).
37
What are the prime factors of (88/6)/(-3 - (-218)/72)?
2, 3, 11
Suppose -n = -520 - 4. List the prime factors of n.
2, 131
Suppose h - 104 - 76 = 0. Suppose 0 = -5*s + s + h. List the prime factors of s.
3, 5
Let z(q) = q**3 + q + 1. Let w be z(0). Suppose -t - 8 = -2*b + 1, -w = -b + 4*t. Let f = b - -39. List the prime factors of f.
2, 11
Suppose -x + 15 - 13 = 0. Suppose 2*y - 145 - x = 5*m, -5*y + 3*m = -396. What are the prime factors of y?
3
Let d be (3 + -4 - 13) + -1. Let l = d - -19. Suppose -5*r + 143 = l*h, 3*r - 7 = -5*h + 71. List the prime factors of r.
31
Let f(p) = -2*p + 20. Suppose 10 = -0*v + v. Let g be f(v). Suppose 4*m = -l + 24, 4*l = 2*m - g*m + 186. List the prime factors of l.
2, 11
Let w(s) = -s**3 - 10*s**2 + 20*s + 29. Let a be w(-14). Suppose 5*x - 512 - 5 = -4*y, -4*y = -5*x + a. What are the prime factors of x?
3, 5, 7
Let f(p) = 4*p**2 + 3*p. Suppose 2*m + 5*s = -0*m + 19, 0 = 5*m - 3*s - 1. Suppose -2 - 8 = 3*i + m*c, 5*i + 17 = -3*c. List the prime factors of f(i).
2, 13
Let h = -1722 - -5872. What are the prime factors of h?
2, 5, 83
Let p(z) = -257*z - 237. List the prime factors of p(-6).
3, 5, 29
Let z(l) = 11*l**2 + 11*l - 52. Let j(r) = -7*r**2 - 7*r + 35. Let h(t) = -8*j(t) - 5*z(t). Let b be h(0). What are the prime factors of (76/5)/((-8)/b)?
2, 19
Let h be 0*(0 + -4)/8. Suppose h = 5*r - 15. Suppose r*i - 74 = i. What are the prime factors of i?
37
Let q = -1 - -4. Suppose -3*w + 3 = 0, 0*c + 53 = q*c + 2*w. Suppose 18 = -t + 4*d, 2*t - t + 3*d - c = 0. What are the prime factors of t?
2
Let o(p) = 4*p**2 + 55*p + 34. List the prime factors of o(-23).
3, 5, 59
Let l(q) = 2*q**3 - 15*q**2 + 29*q - 45. What are the prime factors of l(10)?
5, 149
Let r be (-1 - -3)/2 + 56/(-14). Suppose 0*h + g = -2*h + 82, -2*h + 2*g + 88 = 0. Let j = r + h. List the prime factors of j.
3, 13
Let y = 105 + -50. Suppose 4*m + y = 223. List the prime factors of m.
2, 3, 7
Suppose 2*g = -0*g. Suppose 0 = -c + 3*z + 232, g = -c - 4*c + z + 1160. List the prime factors of (-10)/(-45) - c/(-9).
2, 13
Suppose 2*h - 618 = 150. Suppose 4*n = 2*n + h. Suppose 3*j + 3*q = n, 0*q - 177 = -3*j + 2*q. List the prime factors of j.
61
Let a = 707 + -12. What are the prime factors of a?
5, 139
Suppose 0 = 3*n + 4*x + 5, -2*n - 2 = -3*x + 6*x. Let r(q) = -2*q - 14. Let g be r(n). Suppose -4*h + 43 + 141 = g. What are the prime factors of h?
2, 23
Let k(r) = r - 4. Let y(j) = -j**2 + 3*j + 1. Let i be y(4). Let f be 9*3/(i + 6). List the prime factors of k(f).
5
Let f be (1 - (-68)/6)*-9. Suppose 671 = 4*a + 43. Let v = a + f. List the prime factors of v.
2, 23
Suppose -10*y = -11368 + 3038. List the prime factors of y.
7, 17
Let t be 6/4*22 - -2. Suppose 5*z = 4*z + t. Suppose 0 = 2*k - 15 - z. List the prime factors of k.
5
Suppose 0 = -o + 16*o - 8130. What are the prime factors of o?
2, 271
Let r(v) be the first derivative of v**4/2 + 10*v**3/3 + v**2/2 + v + 4. List the prime factors of r(-4).
29
Let v(h) = 6*h**2 - 39*h + 38. What are the prime factors of v(18)?
2, 5
Let g be (6/3)/((-1)/(-2)). Suppose -37 = g*m - 121. Let j = m - -12. What are the prime factors of j?
3, 11
Let a be 1 + 1 - (16 + -14). Suppose a*x + 5*q - 17 = -2*x, 0 = -3*x + 3*q + 57. Suppose x = -4*b, 2*y = 5*y + 5*b - 82. What are the prime factors of y?
2, 17
Let b(d) = 44*d**2 + 4*d - 4. Let x be b(-3). Suppose 0 = g - 6*g + x. List the prime factors of g.
2, 19
Let l(p) = p**3 + 4*p**2 + p + 8. Let m be l(-4). Suppose -3*i + n + 372 = i, -352 = -m*i - 4*n. List the prime factors of i.
2, 23
Suppose j = -2*j. Let s(q) = -2*q + 71. Let i be s(j). Suppose 2*t + t - m = i, -t + 3*m + 21 = 0. List the prime factors of t.
2, 3
Suppose 0 = -4*a + a + 3120. Let s be 4/(-6) + a/12. Suppose s = 5*i - 59. List the prime factors of i.
29
Let y = -8 + 8. Suppose b + y = 3. Suppose 4*a + 5*k - 162 = 0, 4*k + 223 = 2*a + b*a. List the prime factors of a.
43
Let k(x) = 1229*x**2 - 31*x. List the prime factors of k(1).
2, 599
Suppose 5*m = -n - 4 + 25, 168 = 5*n + 4*m. Suppose 10*z - n = 6*z. What are the prime factors of z?
3
Let m(x) be the third derivative of -5*x**4/8 + 2*x**3/3 - x**2. Let t be m(-5). Let w = 114 - t. List the prime factors of w.
5, 7
Let v = -4 + 6. Suppose -v*m + m + 183 = 0. Suppose 0 = 4*s + 5*z - 193, 0*z = 4*s - 5*z - m. List the prime factors of s.
47
Suppose -4*s + 4*j + 8 + 20 = 0, 15 = 5*j. Suppose -s*p + 161 + 9 = 0. List the prime factors of p.
17
Suppose 612 = 1921*c - 1917*c. What are the prime factors of c?
3, 17
Suppose 3*a + 2 = 17. Suppose -x = 2*n - 6, 0 = -4*x - a*n + 28 - 10. What are the prime factors of 18/12 + 77/x?
2, 5
Let p(x) = -4*x - 13. Let i be 10/(-30)*(-3)/(-1). Let r(k) = 11*k + 1. Let n be r(i). List the prime factors of p(n).
3
Suppose -5*a = 61 + 109. What are the prime factors of ((-34)/(-4))/((-1)/a)?
17
What are the prime factors of (391/(-4) + 5)*-12?
3, 7, 53
List the prime factors of 4*12/16 - (-2860)/5.
5, 23
Let q be 60/(-50)*5 + 8. Let n be 0/(1*2) + 57. Suppose -q*z + n = z. What are the prime factors of z?
19
Suppose 0 = -30*j + 32*j - 858. What are the prime factors of j?
3, 11, 13
Suppose 5*d - 4*d = 5*m - 624, 0 = m - 2*d - 132. Suppose -3*n = -7*n - m. What are the prime factors of (-4)/(-8)*n*-2?
31
Let a = -498 - -1219. List the prime factors of a.
7, 103
List the prime factors of 8*(-10 + 7 - 178/(-4)).
2, 83
Suppose 5*l + 370 = 5*b, 2*b + 3*l = 4*l + 144. List the prime factors of b.
2, 5, 7
Suppose 13*h = -j + 11*h + 184, 2*j - 4*h = 328. List the prime factors of j.
2, 3, 29
Suppose -f + 11 = 5. Let w(a) = 4*a**2 - 7*a - 10. List the prime factors of w(f).
2, 23
Let f(w) = w + 4. Let y be f(3). Let s(r) = -r**3 + 6*r**2 + 9*r - 7. Let j be s(y). Suppose -j*b = -b - 60. List the prime factors of b.
2, 5
Suppose -3*h + 15 = 6. Suppose -h*p - 87 = -4*p. What are the prime factors of p?
3, 29
Suppose -5*g - 5*l + 7296 = 1801, 0 = 4*g + l - 4405. List the prime factors of g.
2, 19, 29
Let w(v) = -v**2 - 7*v + 6. Let c be w(-7). Suppose 3*r = -3*y - 0*r + 60, -c = 3*r. Let h = 63 - y. List the prime factors of h.
41
Let k be ((-11)/2 - -6)*2*-1. List the prime factors of 4 - ((-94 - k) + 0).
97
Suppose 5*f = -10*f. Suppose -4*t - p + 109 = f, 2*p + 18 + 128 = 5*t. What are the prime factors of t?
2, 7
Suppose 281 = h - s - 217, -4*s + 2445 = 5*h. List the prime factors of h.
17, 29
Suppose -4*p - 4*h + 14 = -2, 33 = 2*p - 3*h. Suppose -p*x + 0*x = -1629. What are the prime factors of x?
181
Suppose -6 = f - 4*f. Let p be (f + (-15)/6)*-204. Suppose -a - 2*a + p = 0. What are the prime factors of a?
2, 17
Let y be (-402)/((-2)/(-4) - 2). Suppose -3*t - 10 = -y. What are the prime factors of t?
2, 43
Let k(x) = -108*x**3 + 2*x - 1. Let g be k(1). Let z = 31 + g. List the prime factors of (-1)/3 + z/(-3).
5
Let x(j) = j**2 - 3*j - 2. Suppose 5*q = 8*q. Let s = -3 - q. What are the prime factors of x(s)?
2
Let k(x) = 70*x**3 + 2*x. Let w be k(1). Let p = w - -57. What are the prime factors of p?
3, 43
Let g(k) = 1 + 3 - 3 + k + 2*k. What are the prime factors of g(5)?
2
Let k(m) be the third derivative of -m**6/120 - 2*m**5/15 - m**4/8 - m**3 - 12*m**2. List the prime factors of k(-8).
2, 3
Suppose -5*q = t - 164, 4*t - 3*q - 618 = -4*q. What are the prime factors of t?
2, 7, 11
Suppose 22 = -5*t + 72. Suppose t*w = 5*w + 1425. What are the prime factors of w?
3, 5, 19
Let k be